?
1
What is the thousands digit of 2620?
2
What is the hundreds digit of 333?
3
What is the ten thousands digit of 16097?
1
What is the thousands digit of 2340?
2
What is the ten thousands digit of 37616?
3
What is the hundreds digit of 2187?
1
What is the ten thousands digit of 14295?
1
What is the hundreds digit of 147?
1
What is the tens digit of 17764?
6
What is the ten thousands digit of 22221?
2
What is the units digit of 76503?
3
What is the hundreds digit of 65959?
9
What is the hundreds digit of 58555?
5
What is the tens digit of 627?
2
What is the tens digit of 1810?
1
What is the units digit of 982?
2
What is the ten thousands digit of 59345?
5
What is the thousands digit of 7883?
7
What is the units digit of 4617?
7
What is the tens digit of 6840?
4
What is the units digit of 29172?
2
What is the tens digit of 6830?
3
What is the tens digit of 23561?
6
What is the units digit of 13033?
3
What is the tens digit of 2844?
4
What is the hundreds digit of 18538?
5
What is the hundreds digit of 563?
5
What is the units digit of 1227?
7
What is the hundreds digit of 832?
8
What is the units digit of 7601?
1
What is the units digit of 2612?
2
What is the hundreds digit of 2351?
3
What is the thousands digit of 1146?
1
What is the tens digit of 32851?
5
What is the ten thousands digit of 58325?
5
What is the thousands digit of 1139?
1
What is the thousands digit of 1100?
1
What is the thousands digit of 16935?
6
What is the units digit of 807?
7
What is the units digit of 33361?
1
What is the units digit of 9738?
8
What is the tens digit of 1585?
8
What is the hundreds digit of 40724?
7
What is the hundreds digit of 2657?
6
What is the ten thousands digit of 33777?
3
What is the tens digit of 6498?
9
What is the tens digit of 32148?
4
What is the units digit of 1945?
5
What is the thousands digit of 15734?
5
What is the hundreds digit of 375?
3
What is the ten thousands digit of 15130?
1
What is the tens digit of 4788?
8
What is the thousands digit of 8455?
8
What is the hundreds digit of 40649?
6
What is the tens digit of 107439?
3
What is the units digit of 42019?
9
What is the hundreds digit of 1486?
4
What is the hundreds digit of 83026?
0
What is the tens digit of 91266?
6
What is the units digit of 1260?
0
What is the ten thousands digit of 45137?
4
What is the tens digit of 15485?
8
What is the units digit of 819?
9
What is the thousands digit of 1623?
1
What is the units digit of 29461?
1
What is the hundreds digit of 1092?
0
What is the tens digit of 4424?
2
What is the thousands digit of 1922?
1
What is the tens digit of 269?
6
What is the tens digit of 32912?
1
What is the hundreds digit of 1467?
4
What is the units digit of 17406?
6
What is the ten thousands digit of 21095?
2
What is the tens digit of 622?
2
What is the hundreds digit of 34649?
6
What is the thousands digit of 1970?
1
What is the hundreds digit of 1567?
5
What is the thousands digit of 50047?
0
What is the thousands digit of 2026?
2
What is the units digit of 48994?
4
What is the thousands digit of 4919?
4
What is the hundreds digit of 1465?
4
What is the hundreds digit of 6774?
7
What is the units digit of 121343?
3
What is the tens digit of 368?
6
What is the hundreds digit of 8996?
9
What is the units digit of 4324?
4
What is the tens digit of 406?
0
What is the thousands digit of 1024?
1
What is the thousands digit of 2458?
2
What is the hundreds digit of 3770?
7
What is the thousands digit of 1488?
1
What is the units digit of 71?
1
What is the units digit of 18601?
1
What is the tens digit of 491?
9
What is the tens digit of 868?
6
What is the units digit of 9517?
7
What is the hundreds digit of 1167?
1
What is the units digit of 5667?
7
What is the tens digit of 262?
6
What is the units digit of 71?
1
What is the ten thousands digit of 21706?
2
What is the tens digit of 822?
2
What is the thousands digit of 2989?
2
What is the ten thousands digit of 68835?
6
What is the tens digit of 1297?
9
What is the thousands digit of 4309?
4
What is the ten thousands digit of 91233?
9
What is the units digit of 8086?
6
What is the thousands digit of 6855?
6
What is the hundreds digit of 6320?
3
What is the thousands digit of 1395?
1
What is the hundreds digit of 21923?
9
What is the ten thousands digit of 22323?
2
What is the units digit of 10077?
7
What is the thousands digit of 7326?
7
What is the hundreds digit of 27816?
8
What is the hundreds digit of 13473?
4
What is the units digit of 227?
7
What is the thousands digit of 2607?
2
What is the tens digit of 9645?
4
What is the units digit of 3242?
2
What is the tens digit of 38713?
1
What is the hundreds digit of 159?
1
What is the tens digit of 1208?
0
What is the units digit of 160?
0
What is the tens digit of 27241?
4
What is the hundreds digit of 85671?
6
What is the hundreds digit of 1636?
6
What is the hundreds digit of 1609?
6
What is the tens digit of 2494?
9
What is the thousands digit of 69628?
9
What is the units digit of 1670?
0
What is the thousands digit of 7278?
7
What is the tens digit of 11857?
5
What is the tens digit of 577?
7
What is the hundreds digit of 139091?
0
What is the hundreds digit of 5440?
4
What is the thousands digit of 3147?
3
What is the hundreds digit of 2127?
1
What is the tens digit of 174?
7
What is the thousands digit of 39732?
9
What is the thousands digit of 7973?
7
What is the units digit of 2502?
2
What is the hundreds digit of 1131?
1
What is the thousands digit of 2501?
2
What is the ten thousands digit of 29982?
2
What is the hundreds digit of 172667?
6
What is the tens digit of 905?
0
What is the tens digit of 600?
0
What is the tens digit of 1297?
9
What is the tens digit of 49965?
6
What is the tens digit of 270?
7
What is the tens digit of 7110?
1
What is the tens digit of 7005?
0
What is the tens digit of 51373?
7
What is the ten thousands digit of 170111?
7
What is the units digit of 19779?
9
What is the units digit of 2?
2
What is the units digit of 1894?
4
What is the hundreds digit of 661?
6
What is the units digit of 36427?
7
What is the hundreds digit of 9331?
3
What is the units digit of 428?
8
What is the hundreds digit of 1018?
0
What is the thousands digit of 1467?
1
What is the hundreds digit of 261?
2
What is the tens digit of 849?
4
What is the tens digit of 310?
1
What is the units digit of 50?
0
What is the units digit of 9829?
9
What is the tens digit of 6439?
3
What is the tens digit of 3393?
9
What is the units digit of 42906?
6
What is the units digit of 17006?
6
What is the thousands digit of 7335?
7
What is the tens digit of 21999?
9
What is the units digit of 7041?
1
What is the ten thousands digit of 11073?
1
What is the hundreds digit of 2158?
1
What is the units digit of 3705?
5
What is the thousands digit of 50896?
0
What is the units digit of 1396?
6
What is the units digit of 58325?
5
What is the units digit of 446?
6
What is the hundreds digit of 26636?
6
What is the thousands digit of 29016?
9
What is the units digit of 683?
3
What is the hundreds digit of 2084?
0
What is the tens digit of 5568?
6
What is the thousands digit of 136824?
6
What is the tens digit of 3978?
7
What is the tens digit of 2440?
4
What is the thousands digit of 11738?
1
What is the thousands digit of 2164?
2
What is the tens digit of 2589?
8
What is the ten thousands digit of 28904?
2
What is the tens digit of 4630?
3
What is the ten thousands digit of 53825?
5
What is the hundreds digit of 3689?
6
What is the tens digit of 739?
3
What is the units digit of 89364?
4
What is the tens digit of 32612?
1
What is the units digit of 3416?
6
What is the units digit of 11834?
4
What is the units digit of 48?
8
What is the units digit of 35135?
5
What is the tens digit of 564?
6
What is the units digit of 3340?
0
What is the tens digit of 1571?
7
What is the units digit of 17568?
8
What is the tens digit of 1483?
8
What is the hundreds digit of 5786?
7
What is the units digit of 47399?
9
What is the thousands digit of 3852?
3
What is the thousands digit of 46573?
6
What is the hundreds digit of 4890?
8
What is the tens digit of 1928?
2
What is the tens digit of 2359?
5
What is the units digit of 495?
5
What is the hundreds digit of 7499?
4
What is the tens digit 